digit of 97260601?
7
What is the ten thousands digit of 92702371?
0
What is the tens digit of 583599516?
1
What is the ten millions digit of 15284167?
1
What is the tens digit of 128895114?
1
What is the tens digit of 84935986?
8
What is the tens digit of 38269939?
3
What is the hundred thousands digit of 1705803160?
8
What is the ten millions digit of 444183413?
4
What is the hundreds digit of 2990561183?
1
What is the ten thousands digit of 24066435?
6
What is the hundred thousands digit of 330160625?
1
What is the ten millions digit of 2986796530?
8
What is the millions digit of 27283958?
7
What is the ten millions digit of 1511515233?
1
What is the hundred thousands digit of 125699582?
6
What is the billions digit of 1425715158?
1
What is the ten millions digit of 14222621?
1
What is the hundred thousands digit of 275469459?
4
What is the ten millions digit of 7230673021?
3
What is the tens digit of 63677943?
4
What is the ten thousands digit of 4589313223?
1
What is the ten thousands digit of 2390302349?
0
What is the ten thousands digit of 87630662?
3
What is the ten millions digit of 527471201?
2
What is the hundred millions digit of 247232409?
2
What is the hundred thousands digit of 64955536?
9
What is the thousands digit of 94549?
4
What is the hundreds digit of 120587766?
7
What is the millions digit of 282792530?
2
What is the ten millions digit of 46763461?
4
What is the ten millions digit of 211178653?
1
What is the ten thousands digit of 16618607?
1
What is the thousands digit of 17933372?
3
What is the hundred millions digit of 2734131158?
7
What is the hundreds digit of 117220116?
1
What is the units digit of 421779179?
9
What is the hundreds digit of 3627875089?
0
What is the tens digit of 140882827?
2
What is the hundreds digit of 29852845?
8
What is the hundred thousands digit of 55894568?
8
What is the hundreds digit of 125002634?
6
What is the units digit of 198590100?
0
What is the units digit of 112878227?
7
What is the thousands digit of 2366779771?
9
What is the hundred millions digit of 1403430244?
4
What is the millions digit of 611083395?
1
What is the tens digit of 968106468?
6
What is the thousands digit of 117801261?
1
What is the ten thousands digit of 3862440061?
4
What is the ten millions digit of 360931008?
6
What is the hundreds digit of 228565944?
9
What is the hundred thousands digit of 577601001?
6
What is the tens digit of 614794184?
8
What is the billions digit of 5912895854?
5
What is the hundred millions digit of 359949815?
3
What is the tens digit of 41814710?
1
What is the units digit of 218661751?
1
What is the tens digit of 72959409?
0
What is the millions digit of 44764960?
4
What is the millions digit of 1105640444?
5
What is the tens digit of 4905846453?
5
What is the thousands digit of 1756324474?
4
What is the tens digit of 86272479?
7
What is the thousands digit of 660437954?
7
What is the units digit of 165701800?
0
What is the millions digit of 5018135299?
8
What is the hundred thousands digit of 2427428039?
4
What is the hundred millions digit of 189557105?
1
What is the hundred millions digit of 345142324?
3
What is the hundreds digit of 1042364745?
7
What is the hundreds digit of 366664146?
1
What is the millions digit of 95395621?
5
What is the thousands digit of 35758259?
8
What is the thousands digit of 17904048?
4
What is the hundred millions digit of 177926950?
1
What is the billions digit of 1073283557?
1
What is the hundreds digit of 985308385?
3
What is the millions digit of 554530201?
4
What is the hundreds digit of 765428281?
2
What is the hundreds digit of 35162321?
3
What is the ten thousands digit of 965897798?
9
What is the units digit of 1679419862?
2
What is the hundred thousands digit of 158932503?
9
What is the thousands digit of 39698563?
8
What is the hundred millions digit of 1296554971?
2
What is the thousands digit of 238669346?
9
What is the hundreds digit of 51222803?
8
What is the hundred thousands digit of 133096356?
0
What is the hundred thousands digit of 1063935376?
9
What is the hundred millions digit of 646099321?
6
What is the tens digit of 261468039?
3
What is the ten millions digit of 185913449?
8
What is the units digit of 299352129?
9
What is the ten millions digit of 336891516?
3
What is the hundreds digit of 74110252?
2
What is the ten millions digit of 3413096993?
1
What is the thousands digit of 176695020?
5
What is the hundred millions digit of 1602953013?
6
What is the ten millions digit of 206163088?
0
What is the units digit of 282222350?
0
What is the millions digit of 272828006?
2
What is the thousands digit of 52718098?
8
What is the tens digit of 50286665?
6
What is the millions digit of 96596308?
6
What is the hundred thousands digit of 306352201?
3
What is the hundred thousands digit of 2191678063?
6
What is the ten millions digit of 389052599?
8
What is the thousands digit of 74517896?
7
What is the hundreds digit of 1393961206?
2
What is the ten millions digit of 44353163?
4
What is the hundreds digit of 3502540830?
8
What is the billions digit of 1196998587?
1
What is the tens digit of 3819652635?
3
What is the thousands digit of 181398973?
8
What is the hundreds digit of 93555162?
1
What is the ten millions digit of 25206776?
2
What is the hundreds digit of 5807072826?
8
What is the tens digit of 178279298?
9
What is the millions digit of 86682017?
6
What is the units digit of 3342672050?
0
What is the units digit of 323768846?
6
What is the millions digit of 362726306?
2
What is the hundred thousands digit of 55025284?
0
What is the millions digit of 32512021?
2
What is the units digit of 40078115?
5
What is the tens digit of 5110301332?
3
What is the tens digit of 113426393?
9
What is the units digit of 281581251?
1
What is the hundred thousands digit of 570005165?
0
What is the units digit of 26593641?
1
What is the hundred thousands digit of 146893131?
8
What is the hundred millions digit of 447555731?
4
What is the hundred thousands digit of 808446629?
4
What is the thousands digit of 695152183?
2
What is the hundred thousands digit of 59963335?
9
What is the hundred thousands digit of 160961065?
9
What is the units digit of 22541202?
2
What is the thousands digit of 97399026?
9
What is the units digit of 43992466?
6
What is the units digit of 232511871?
1
What is the hundred thousands digit of 192162987?
1
What is the hundreds digit of 153791727?
7
What is the thousands digit of 5827163320?
3
What is the millions digit of 116440917?
6
What is the billions digit of 5362448497?
5
What is the thousands digit of 3627956216?
6
What is the ten millions digit of 71369277?
7
What is the hundred thousands digit of 49837835?
8
What is the millions digit of 3845004726?
5
What is the thousands digit of 795318568?
8
What is the ten thousands digit of 7252105279?
0
What is the ten thousands digit of 1987381439?
8
What is the ten thousands digit of 49216541?
1
What is the ten millions digit of 1180080390?
8
What is the thousands digit of 2860150570?
0
What is the ten millions digit of 1444907990?
4
What is the hundreds digit of 6756242?
2
What is the hundred millions digit of 3897496721?
8
What is the ten thousands digit of 3073072483?
7
What is the hundred millions digit of 270723676?
2
What is the hundred thousands digit of 50891289?
8
What is the ten thousands digit of 34828880?
2
What is the thousands digit of 231231716?
1
What is the hundreds digit of 1688772771?
7
What is the hundred thousands digit of 53124281?
1
What is the tens digit of 31315796?
9
What is the millions digit of 79638432?
9
What is the units digit of 158433603?
3
What is the millions digit of 697929912?
7
What is the thousands digit of 77296702?
6
What is the tens digit of 1021949291?
9
What is the tens digit of 261409861?
6
What is the thousands digit of 264358857?
8
What is the millions digit of 84678766?
4
What is the hundreds digit of 164630220?
2
What is the hundreds digit of 27792398?
3
What is the hundred thousands digit of 777694441?
6
What is the thousands digit of 717516770?
6
What is the thousands digit of 1483564529?
4
What is the tens digit of 62174334?
3
What is the units digit of 911597630?
0
What is the hundreds digit of 358073870?
8
What is the